6. Is 5 a factor of y?
True
Let s(z) = z**2 - 3*z + 6. Suppose -14 = -4*m - t, 2*t + 0 = 5*m - 11. Let c = 7 - m. Does 4 divide s(c)?
False
Suppose -8*u - 10 = -3*u. Let b = 5 + u. Does 2 divide b?
False
Let l = -1 - -4. Suppose 0 = 4*o + 5 - 25. Suppose -2*d + 0 = l*w - o, -d + w = -10. Does 3 divide d?
False
Suppose 0 = 2*n + 4*r - 32, 2 = -n - 3*r + 13. Is 13 a factor of n/1*(-1)/(-2)?
True
Let k(m) = -m + 2. Let s = -7 + 5. Let v be k(s). Suppose 2*j + v - 102 = 0. Does 18 divide j?
False
Does 8 divide 101/9 - (-4)/(-18)?
False
Let g(l) be the first derivative of 2*l**3/3 - 7*l**2/2 - 8*l + 3. Is 11 a factor of g(6)?
True
Let z(k) = 77*k + 3. Is 31 a factor of z(3)?
False
Suppose -j = -0 - 4. Let b = 14 + -10. Suppose -c + 20 = j*x, -b*c = 2*x - 7 - 143. Is c a multiple of 20?
True
Suppose 4*p - 3 = 3*p, -4*g + p = -185. Is 10 a factor of g?
False
Let r(k) = 2*k**3 + k**2 + 3*k + 5. Let t be r(-4). Does 17 divide (t/(-28))/((-1)/(-8))?
True
Let o = 0 + 35. Does 13 divide o?
False
Let d(m) be the third derivative of -m**6/120 - m**5/20 - m**4/6 - 2*m**3/3 + 2*m**2. Suppose 5*z + 3 = -12. Is d(z) a multiple of 4?
True
Suppose a + 47 = w, 0*w + 5*a = 2*w - 85. Suppose -2*x + 34 = -0*x - o, -3*o + w = 2*x. Does 8 divide x?
False
Let o(k) = -k. Let r be o(-5). Suppose 0 = r*l - 17 - 8. Suppose -9 = -c + l*y + 10, 0 = -c + 2*y + 22. Is c a multiple of 8?
True
Let b = -4 - -6. Suppose 3*k + b*k + 555 = 0. Does 18 divide k/(-6) + (-1)/2?
True
Suppose 0 = -5*i - 3*v + 235, 3*v - 77 - 26 = -2*i. Suppose -3*q - q = i. Let j = -2 - q. Is j a multiple of 3?
True
Let t(m) = -m**2 + 11*m + 7. Let n be t(12). Is 19 a factor of (-177)/(-3) - (-10)/n?
True
Suppose -d - 2*m + 100 = 0, 42 = 5*d - 2*m - 434. Suppose -7*k = -5*k - d. Is k a multiple of 12?
True
Let p = 5 - 3. Is 52 + 0 + 1 - p a multiple of 17?
True
Let j = -21 + 61. Is 19 a factor of j?
False
Suppose -44 = -3*v + 5*d, 0*v + d = -3*v + 20. Suppose k = -g - v, 4*g + 2*k = 3*k - 12. Does 6 divide ((-6)/g)/(12/128)?
False
Let m(p) be the second derivative of -p**5/20 - p**4/12 - p**3/6 - 11*p**2 - p. Let c be m(0). Let i = -12 - c. Is 10 a factor of i?
True
Let i = 50 - 5. Does 4 divide i?
False
Let d(c) = 98*c - 2. Let m be d(1). Suppose -36 = 4*f - m. Is f a multiple of 9?
False
Let d be (20/(-12) + 1)*-93. Suppose -5*l = -a - 37 - 64, -2*a = -3*l + d. Does 6 divide l?
False
Let u(c) = c**3 + 5*c**2 - 6*c + 2. Let v be u(-6). Suppose 0 = 5*b - 25, 4*f + v*b - 3*b = 47. Is 13 a factor of f?
True
Let v = -2 + 2. Suppose v*f + 3*s + 27 = 4*f, 0 = 4*f + 5*s + 13. Does 17 divide 35 + -2 - 6/f?
False
Let z(v) = v**3 - 6*v**2 + 7*v + 3. Let i = -4 - -10. Is 23 a factor of z(i)?
False
Suppose 4 = 4*r - 3*i - 27, 0 = 3*r + i - 7. Let n(m) = -m**3. Let t be n(0). Suppose -r*h + j + 61 = t, 0 = j + 2 - 5. Does 8 divide h?
True
Suppose 0*y - 2*y = 0. Let u = y + 3. Suppose -u*a = -5*a + 22. Is a a multiple of 7?
False
Let w(t) = t**3 - 5*t**2 + 3*t + 1. Is 8 a factor of w(5)?
True
Let o(r) = r**3 + 11*r**2 + 7*r - 8. Does 22 divide o(-10)?
True
Suppose 4*g + 14 = -2*m, 5*m - 26 = 3*m + 4*g. Suppose m*t - 2*t = 45. Is 15 a factor of t?
True
Suppose -8 = -q + 4*d + 4, 2*q + 4*d - 12 = 0. Let a = q - -2. Does 10 divide a?
True
Suppose -2*t = 3*u - 30 - 93, 5*u - 305 = -5*t. Is 15 a factor of t/16*(-1 + 9)?
True
Let u = -17 - -44. Suppose 4*p = 5*d + u + 115, -p - 5*d + 48 = 0. Does 13 divide p?
False
Let j be (0 - 8)*14*-1. Suppose 2*q + 89 = f - 81, 3*q + 9 = 0. Let x = f - j. Is x a multiple of 18?
False
Is ((-3)/(-15) + 21/70)*16 a multiple of 3?
False
Let i = -354 + 564. Suppose 2*p + p - i = -3*k, -5*k = -3*p + 194. Let f = p - 48. Is 10 a factor of f?
True
Is 223/7 - (-1)/(5 - -2) a multiple of 9?
False
Suppose -3*i = -4*s - 40, -i + 5*s + 0 - 5 = 0. Does 5 divide i*1/(-4)*-2?
True
Let h be (-20)/(-3)*(11 + -8). Let p = h + -8. Does 6 divide p?
True
Let s(a) = -a**3 + 8*a**2 + 14*a - 12. Suppose 5*k - 36 = k. Is 9 a factor of s(k)?
False
Let p be 136/5 + (-2)/10. Suppose 3*n - 15 = p. Is 5 a factor of n?
False
Let k(p) = 2*p - 3. Let u be k(2). Suppose 26 = 5*g + u. Does 2 divide g?
False
Let g(w) = w + 5. Let y be g(-7). Let a(b) = -2*b**3 - 3*b**2 - 4*b - 2. Let d be a(y). Is (-4)/5*(-75)/d a multiple of 2?
True
Let v = -14 + 36. Suppose 0*f + 5*f = -5*y, 0 = -2*f. Suppose -d + 2*w + v = y, 2*w + 3*w = -d + 8. Is d a multiple of 18?
True
Let y(v) = -v**2 - 6*v - 4. Let d be y(-4). Does 8 divide -4 - -30 - (1 - d)?
False
Suppose 0 = 2*r + 5*c - 121, 2*r = -3*r - 2*c + 355. Is 49 a factor of r?
False
Let b(o) = -o**2 - 9*o - 7. Let d be b(-7). Let t = 13 - d. Is 14/3 - (-2)/t a multiple of 3?
False
Suppose 0*y - 21 = -3*y. Let r(n) = 5*n - 5. Let m(a) = -20*a + 19. Let x(t) = 2*m(t) + 9*r(t). Is x(y) a multiple of 13?
False
Let x = 115 + -81. Is x a multiple of 14?
False
Let q(z) = 18*z**3. Let n be q(1). Suppose -3*k - 6 = 0, -2*l + k + n - 62 = 0. Is (-2)/(-2*(-1)/l) a multiple of 11?
False
Suppose -2 = s, 5*w - 15 = 4*s + 18. Suppose 36 - 251 = -w*l. Is 19 a factor of l?
False
Let g = -32 + 43. Is 5 a factor of g?
False
Suppose d = 3*d - 2*t + 22, 2*t - 7 = d. Let n = -9 - d. Does 3 divide n?
True
Suppose -2*y - w + 122 = 0, -52 = -y - 5*w + 18. Is y a multiple of 6?
True
Suppose 4*z - 88 = -0*z. Let b = z - 42. Let j = b - -53. Is 11 a factor of j?
True
Let z(q) = 3*q + 1. Is 5 a factor of z(7)?
False
Is 22 a factor of -2 + (-8)/6*-66?
False
Let f be 1/((-4)/(-6) + -1). Let q = 11 - f. Suppose -g - 2*k = k - q, k - 3 = 0. Is g a multiple of 2?
False
Suppose 0 = 4*o - 2 - 6. Let f = o + 28. Is 15 a factor of f?
True
Let n = 5 - 5. Let z be 30/6 - n/1. Suppose -z*t + 58 = -27. Does 8 divide t?
False
Let j = -136 + 73. Let f = -18 - j. Does 15 divide f?
True
Let q(j) = 7*j**3 - 26*j**2 + 21*j + 23. Let m(i) = 13*i**3 - 51*i**2 + 42*i + 45. Let v(u) = 6*m(u) - 11*q(u). Is 11 a factor of v(19)?
True
Let r = 9 - -31. Let o = r + -22. Is o a multiple of 8?
False
Let o = 1 - 5. Let v be o/3*(-2 - 1). Suppose -90 = -v*g - 2*m, 2*m = -4*g + 5*m + 75. Is 7 a factor of g?
True
Let m(y) = -9*y**2 + y - 1 + 6*y**2 - 6*y**2. Let x be m(1). Is (-21)/x - 2/6 even?
True
Let d be (1 - 0)*(-8)/(-2). Let s = d + -1. Suppose 2*z + 4 = z + s*j, 0 = j - 4. Does 8 divide z?
True
Let k(b) = b**2 + 8*b - 26. Is k(6) a multiple of 29?
True
Suppose -2*i = -6*i + 36. Is 2 a factor of i?
False
Suppose 0 = -4*t + t + 123. Is t a multiple of 13?
False
Suppose 11*n - 5*n = 144. Is 3 a factor of n?
True
Let s(q) = -q**3 + q + 1. Let l be s(2). Let v be (45/l)/(3/(-2)). Does 8 divide ((-32)/6)/(v/(-18))?
True
Let a(i) = -12*i. Is 13 a factor of a(-3)?
False
Suppose 5*i - i - 8 = 0. Suppose 0 = 4*c + 9 - 25. Suppose -2*v - i*q = -50 - 6, -v + c*q + 18 = 0. Is v a multiple of 13?
True
Let y = 56 + -40. Let p = y - -6. Is 16 a factor of p?
False
Is 5 a factor of 3*-2*4/15*-70?
False
Let u = -3 + 3. Suppose -5*s + 19 + 21 = u. Does 8 divide s?
True
Suppose -2 = -2*z + 4. Suppose -5*g + 2*b = -16, z*g + 0*b - b = 9. Suppose -2*j + 44 = 5*t, 5*t - 2 = g*j - 46. Does 8 divide j?
False
Let j be 6/4*(-78)/9. Let v(d) = -d**3 - 13*d**2 - d - 9. Does 2 divide v(j)?
True
Let x(v) = 117*v**3 - v**2 - v + 1. Let c be x(1). Does 10 divide c/(-8)*-2 - -1?
True
Let h(x) = 14*x - 18. Is h(12) a multiple of 15?
True
Let o(y) = -y**2 - 2*y + 1. Let t be o(-2). Let b = t - 2. Is 5 a factor of (-14)/2*(0 + b)?
False
Is 13 a factor of 4/12*(74 + 4)?
True
Let o(p) = 2*p**2 - 3*p + 5. Let n = -20 - -15. Is o(n) a multiple of 22?
False
Suppose -x + 44 = 18. Suppose -4*q + x = -78. Does 13 divide q?
True
Suppose 0*u + 2*u + 22 = 0. Let v(o) = -o**2 - 11*o + 5. Let i be v(u). Suppose -3*d = -i*d + 30. Does 6 divide d?
False
Let f(o) = -2*o + 9. Does 9 divide f(-9)?
True
Let w = 56 - 42. Does 8 divide w?
False
Suppose 0 = -0*l + 3*l - 93. Is l a multiple of 31?
True
Let g be (3 - 3 - -131)*1. Let k = g + -65. Is k/4*56/21 a multiple of 22?
True
Let t be -2*2/1*-66. Suppose -r + 4*r = -t. Does 11 divide ((-6)/(-4))/((-6)/r)?
True
Let d be -7*3*(-12)/18. Let u = d + -6. Is 3 a factor of u?
False
Let i(m) = 47*m + 2. Is 24 a factor of i(2)?
True
Let h be (-6)/(-15) + (-8)/20. Suppose h = -6*a + 7 + 89. Does 3 divide a?
False
Let c be (-6)/7*(-2 - 5). Let a(q) be